ist the prime factors of m.
2, 3
Let c(o) = -7*o - 27. List the prime factors of c(-12).
3, 19
Let x = -2 - -3. Let i be (-1 - -4)*(0 + x). Suppose -3*r + 36 = 4*o, -i*o = 5*r - 43 - 17. List the prime factors of r.
2, 3
Suppose 0 = -b - 4*l + 373, -4*b - 5*l + 1657 = 143. List the prime factors of b.
3, 127
Let p = -20 - -28. What are the prime factors of p?
2
Let f(l) = -3*l + 122. List the prime factors of f(0).
2, 61
Suppose 6*k + 462 - 126 = 0. Let s = -25 - k. What are the prime factors of s?
31
List the prime factors of (-15 - -20)/((-2)/(-28)).
2, 5, 7
Let f(z) = -4*z - 4. What are the prime factors of f(-5)?
2
Let t(x) = -x**3 - 6*x**2 - 7*x - 7. List the prime factors of t(-7).
7, 13
Let i be 0/(-2 + -1 + 2). Let v be ((1 - i) + -1)/(-1). Suppose 0*r - 2*r + 22 = v. What are the prime factors of r?
11
Let c be 5/(-4)*(-24)/6. Suppose 4*j = 2*p + 28, 4*p + 0*p - 9 = -c*j. Suppose 4*o - 33 = -j*t, o - 24 = -t + 6*o. What are the prime factors of t?
3
Suppose 6*b + 3*b = 1071. List the prime factors of b.
7, 17
Let b be (-2)/(2*(-2)/(-10)). Let w = 3 + b. What are the prime factors of (w/(-4))/(2/56)?
2, 7
Suppose 5*b - 6*b + 46 = 0. What are the prime factors of b?
2, 23
Let v(q) = 2*q**3 - q**2 + 2*q. Let t be v(2). List the prime factors of (-3)/(-6)*(t + 2).
3
Let m = -3 + 5. Let i = 1 + m. Suppose 27 = i*s + d + 2*d, s - 5*d = 15. What are the prime factors of s?
2, 5
Suppose -s - 2*s + 4*h + 4 = 0, 2*s + 2*h + 16 = 0. Let w be (-44)/(-7) - s/(-14). List the prime factors of w/27 + (-86)/(-18).
5
Suppose 2 = 2*g - 10. Suppose -2*r - 2*v + g = 0, 0*r = -3*r + v + 1. What are the prime factors of 6/9*(17 + r)?
2, 3
Let h = -119 - -345. List the prime factors of h.
2, 113
Let o(v) = 9*v**2 - 8*v + 11. Let c be o(5). Suppose 0 = -11*r + 7*r + c. List the prime factors of r.
7
Suppose -4*d + 250 = 5*t, 3*t + 2*d - 156 + 8 = 0. What are the prime factors of t?
2, 23
Let r = 4 - 1. List the prime factors of r/(2*3/32).
2
Let t(s) = 33*s**2 - 5. What are the prime factors of t(2)?
127
Let y(i) = i**2 - 2*i - 4. What are the prime factors of y(7)?
31
Suppose -118 = -3*l - 7. List the prime factors of l.
37
Suppose 5*z - 2*k = 40, -2*k - 3*k = 3*z - 55. Suppose 0 = 3*q + 3*h - 36, 0 = 5*q - h - 12 - 18. Let r = z + q. What are the prime factors of r?
17
What are the prime factors of 2 + 8 - (1 + -5)?
2, 7
Suppose 3*s + 107 - 290 = 0. Let m = s - 23. List the prime factors of m.
2, 19
Suppose -2*c = -0*c - 4. Suppose a - 3 = -c*a. Let f = a + 8. What are the prime factors of f?
3
Let u(s) = s + 2*s - 10 - s + 2*s + s**2. What are the prime factors of u(-9)?
5, 7
Suppose -3*h + 9 = 5*r - 4*h, -2*r = -3*h - 1. Suppose -1 = r*t - 9. What are the prime factors of ((-10)/t)/(2/(-4))?
5
Let t(v) = v**3 - 3*v**2 + 1. Let q be t(3). Suppose -2*i - q = -11. What are the prime factors of i?
5
List the prime factors of (-18)/10*(-6)/(-9)*-5.
2, 3
Suppose 126*d - 128*d + 406 = 0. What are the prime factors of d?
7, 29
Let o = 3 - -1. Let w(r) = -r**2 + 2*r - 1. Let p be w(2). Let l = o - p. What are the prime factors of l?
5
Let r(v) = -3*v - 9. Let s be r(-9). Suppose -4*m + s + 62 = 0. List the prime factors of m/(-6)*(-36)/8.
3, 5
Let z(u) be the third derivative of u**5/60 + 5*u**4/24 - u**3/2 + 2*u**2. Let s be z(-6). Let b = s - 0. What are the prime factors of b?
3
Suppose x - 2 = -0*x. Suppose 0*d = 4*d + 2*s - 24, -3*d - x*s + 20 = 0. Suppose 0 = f + d*k + 1, -k - 1 + 0 = 0. List the prime factors of f.
3
Let m(j) = j**2 + 2*j - 2. Let q be m(-3). Let d be 12/q*1/(-2). Let g(r) = r**2 + 4*r - 8. What are the prime factors of g(d)?
2
Suppose -5*a + 0*a + 20 = 0. Suppose 5*i - 4*f = -79, -i + 5*f + 77 = -a*i. Let y = i + 28. List the prime factors of y.
3
What are the prime factors of (-1 - (-7 - -8))*226/(-4)?
113
List the prime factors of (-22)/11 - 38/(-2).
17
Let z(j) = j + 4. Let c be z(-5). Let p = 1 - c. Suppose -54 = -2*a - 3*a + p*r, -2*r + 16 = 2*a. List the prime factors of a.
2, 5
Let o be (-1)/((-1)/2*1). Suppose -o*d + 4 = 2*d. List the prime factors of d/(-2) - (-54)/4.
13
Suppose -4*w = w - 325. Let a = w - 4. What are the prime factors of a?
61
Suppose -2*f - 5*p = 35, 0 = -2*f - 2*f + 4*p. Let z be 5/15*f*3. Let l(b) = -b**2 - 7*b. List the prime factors of l(z).
2, 5
Let k(r) = 2 - 1 - 4 + r + 2. Let s be k(6). Suppose 0*u + s = u. What are the prime factors of u?
5
Let f(o) = o**3 - 2*o**2 - 3*o. Let n be f(3). Suppose 2*z + 6 = -n*z. List the prime factors of 2 + z + (10 - -2).
11
Suppose 0 = 5*m + 12 - 32. Suppose -3*p - 5*q + 36 = 0, 4*p - 3*q = 14 + 5. Let x = m + p. What are the prime factors of x?
11
Let c(z) = -z**3 - 7*z**2 - 9*z - 2. Suppose -3*u + 5 = 23. What are the prime factors of c(u)?
2
Let n be 2 - (-36)/(3 - 6). Let k be 32/20 + (-4)/n. List the prime factors of k*14/(-16)*-4.
7
Suppose 0*h = 4*h + 20, 4*i + 3*h = -47. Let t = i - -12. Suppose -10 = -t*a + 30. What are the prime factors of a?
2, 5
Let k(z) be the second derivative of -z**5/20 + 11*z**4/12 - 3*z**3/2 + 2*z**2 + z. What are the prime factors of k(10)?
2, 7
Let b be ((-14)/6)/((-2)/6). Let s(n) = -n**2 + n - 1. Let k be s(0). List the prime factors of (-1 - b)/k + 1.
3
Let p = -43 - -31. Let t(s) = -s**3 + 5*s**2 - 2*s - 6. Let o be t(5). List the prime factors of (o/6)/(4/p).
2
Let f = 61 + 23. What are the prime factors of f?
2, 3, 7
Suppose -4*a - 16 = -2*h, 4*a - 32 = -7*h + 3*h. Suppose 0 = u - 1, -g + h = 2*g + 2*u. What are the prime factors of g?
2
Let r = 19 + -14. Suppose 0 = 4*p + 5*k - 1 - 2, -p = -r*k - 7. List the prime factors of p.
2
Let t be (18/(-15))/((-2)/5). Suppose 5*s = t*s + 20. List the prime factors of s.
2, 5
Let z = 3 - 3. What are the prime factors of (1*-8 + z)*-1?
2
Suppose -q + 0*q = 8. Let o = 13 + q. Let p = o - -5. List the prime factors of p.
2, 5
Suppose 5*m + 2*h - 875 = 0, 11*m + h = 8*m + 525. List the prime factors of m.
5, 7
Suppose d - 2*d + 5 = 0. Let l be 60/(-2)*d/2. What are the prime factors of l/(-9) + (-1)/3?
2
Let b = 14 - 10. Suppose -5*w = r - 10, -b - 2 = 5*r - 3*w. Suppose r = -2*k - 13 + 47. What are the prime factors of k?
17
Suppose 0 = -3*c + 7*c - 4*y - 32, 4*c + 4*y = 32. Suppose 5*x = -p + 4, -2*p + 3*x = -3*p. Let a = p + c. List the prime factors of a.
2
Let x(d) = 16*d - 2. Let k be x(-2). Let w = k - -80. What are the prime factors of w?
2, 23
Suppose -5*o - x = 6, 2*o + 2*x = -3*o - 2. Let t = o + 1. What are the prime factors of 8 - 0 - (1 - t)?
2, 3
Suppose -2*k + 30 = o + 3*k, 2*k - 30 = -4*o. Suppose 32 - o = q. Suppose 3*h - g - 33 - 1 = 0, -5*g - q = -2*h. List the prime factors of h.
11
Let k(a) = -a**2 + 11*a + 7. Let w be k(6). Suppose t = -4*h + 32 + w, 2*t = h - 24. What are the prime factors of h?
2, 3
Let b(z) be the third derivative of -z**4/24 + 5*z**3/6 + 3*z**2. Let k be b(6). What are the prime factors of (2/k + 3)*5?
5
Suppose -100 = -5*z - 5*v, -2*z + v = 7 - 53. List the prime factors of z.
2, 11
Let r(o) = o**2 - 2*o - 4. Let b be r(4). Suppose -b = 2*w, 3*u - 28 = u - w. List the prime factors of u.
3, 5
Let h(y) = -y**2 - 11*y + 3. Let i be h(-8). Let z = i - 8. What are the prime factors of z?
19
Let w be ((-1 + 1)/1)/3. Suppose -5*o + 3*o + 34 = w. List the prime factors of o.
17
Let o(p) = 15*p + 40. List the prime factors of o(8).
2, 5
List the prime factors of (-91 - 11)/(-2 - 0).
3, 17
Let x = 71 - 50. List the prime factors of x.
3, 7
Let r(x) = -x**2 - 5 + 2*x**2 + 13*x**3 + 4. List the prime factors of r(1).
13
What are the prime factors of 2/(-7) + 138/42?
3
List the prime factors of (-605)/(-2) - 16/(-32).
3, 101
Let c(i) = -10*i + 19 - i**2 + 2*i**2 - 2*i**2 - 3*i. What are the prime factors of c(-14)?
5
Suppose 0 = 27*b - 23*b - 564. What are the prime factors of b?
3, 47
Let c = -318 + 457. List the prime factors of c.
139
Let v(y) = -4*y. Suppose 26 - 9 = -5*h - 4*q, 0 = -3*h - q - 6. What are the prime factors of v(h)?
2
Suppose p + 3*o = 13, -4*p + o + 1 = -38. Suppose -10 = 5*x - p*x. List the prime factors of x.
2
Suppose 5*w = -n - 8, 8*w - 62 = 3*n + 4*w. Let t = 27 + n. List the prime factors of t.
3
Suppose r + 5*c = 21, c = 3*c. Let j = 54 - r. Suppose 4*n - 2*n = k - 21, n = 2*k - j. List the prime factors of k.
3, 5
Let g be (